
What is -12 - (-15 - 1 - (117 - 111) - -105)?
-95
What is (36 - (16 + -1) - -69) + -4 + 6 - 10?
82
Evaluate 69 - (16 + 26) - (15 - -78).
-66
Calculate (-15 + 4 - -23) + 2 + -7 + 39.
46
Calculate (11 - (1 - 3)) + (-123 - (35 + -54)) + 51.
-40
What is 42 - (-65 + -67 + 97)?
77
What is -446 - -423 - (-1 - (4 + -9 - -2))?
-25
2 - 9 - (14 + -20 + (-5 - 6) - -57)
-47
What is the value of -46 + -6 + (38 - 1) + (-2 - 1) + -1?
-19
47 + -36 + -29 + (0 - 63) + -2 + -1
-84
Evaluate (-26 - -1) + 36 - (-15 + -2 + 5).
23
Evaluate 6 - (46 + -49) - 18.
-9
What is 21 + (-1 - (-2 - -5)) + -2 + -6?
9
Calculate (132 - 71) + -94 - (3 + -21).
-15
What is 7 + 17 - ((-77 - -40) + 135)?
-74
What is the value of 0 + -14 - 1 - (9210 - 9170)?
-55
What is the value of (0 - (-1 + 44)) + 24455 + -24356?
56
What is the value of 10 + (37 - 35) + (-2 - 61) + (-2 - 0)?
-53
-2 + (12 - -11) + -150 + -2 + 7
-124
Calculate (37 - (93 + -8)) + 62.
14
(-5408 - -5429) + -1 + -71
-51
Calculate -7 - (76 + -50) - (-68 - -5).
30
Calculate (-7 - -2 - ((60 - 107) + 51)) + 20.
11
What is 48 - (-19 + (41 - 18 - 10))?
54
What is the value of -138 - (53 + -87 + -88)?
-16
What is the value of ((10 - 11) + -2 + 4 - -8) + (-44 - 7)?
-42
What is (31 + -91 - -35) + 27 + (-6 - 0)?
-4
(-3 - -12) + (-21 - (2 + (-20 - -15)))
-9
Calculate 1125 + -1165 + (3 - (4 - (4 + -1 + 2))).
-36
What is (-7 + 4 - 10) + -64 + 19 + 4?
-54
What is -13 + -9 - (-81 + 30)?
29
What is (-8 - (2 + -3 + 2)) + -3 + 49?
37
What is 1 - -6 - (-36 - (-61 + (-5 - 14)))?
-37
(-2 + -89 - -5) + 4 + 6 + 11 + -7
-72
What is 78 - (-109 - -237) - (-31 - -1)?
-20
Calculate (-22 - -24) + (-6 - -1) + -13 + 23.
7
What is the value of -173 - -275 - (23 - 9)?
88
What is the value of 28 - (0 + 22 + (-2 - 16))?
24
What is -22 - (11 + 0 + (-422 - -434))?
-45
What is the value of (1 - -11) + (-9101 - -9168)?
79
What is -5 - -13 - 63 - (1 + -9)?
-47
What is the value of -6 - -12 - 6 - (-35 + 21 + 73)?
-59
Evaluate -150 + 113 + -9 - (-1 + 3).
-48
-3 - (-3 + (11 - (23 - 12) - -14))
-14
What is (-126 - (-62 - 83)) + 52?
71
Calculate (-47 - (-15 - -41)) + 53.
-20
3 + (-25 - (-6 - -2 - 12)) + -1 + 35
28
What is (-2 - (-64 - -73)) + (-2 - -112)?
99
Calculate 26 + (20 - (8 - -4 - -24)).
10
What is (2 - 41) + (501 - 481) - 21?
-40
73 - (-12 + 26 - -23) - -41
77
(21 + -9 - 19 - ((2 - 7) + -57)) + -11
44
Calculate -3 + 1 + 9 - -3 - (-233 + 201).
42
Evaluate 13 - (-10 - -1 - (-7 - (-10 - 8))).
33
Evaluate (-59 - (-7 + 6 - 77)) + (-1 - -63).
81
0 + -9 + -1 + (-497 + 542 - -112)
147
-8 + (19 - -1) - (9 - (-7 - -6)) - 38
-36
What is (59 - 89) + -25 + 1 - (-1 + -1 + 16)?
-68
What is the value of 25 + -56 - (-2 - 4 - (8 - 8 - 7))?
-32
(1 - 10) + (8 - 2 - 74) + -1 + 15
-63
Calculate -13 + (46 - 28) - 3.
2
What is the value of 0 + -53 + 29 + 28 + -42 + -16?
-54
Evaluate -1087 - -1069 - (2 + -12).
-8
Calculate 65 + -69 - (108 + (5 - (-5 + (-3 - -12)))).
-113
What is the value of 15 + -30 + (-21 + 10 - (-9 + 17))?
-34
1 - (0 - -3) - (-88 + 26 - -37)
23
What is the value of -212 + 161 - (0 - -4 - 13)?
-42
Evaluate -4 - 5 - (-2 + 40 + (0 - -2) + -16).
-33
What is the value of (13 - 2 - -3) + -16 + 64 + -127?
-65
Calculate -41 - (-16 + (21 - 21 - -8)).
-33
What is the value of (-13 - -1) + (-69 - (8 - 14) - -68)?
-7
Calculate 0 + 2 + 71 + 2654 + -2674.
53
What is the value of -36 + -4 + (23 - -6)?
-11
Calculate 42 + 22 + -7 - (25 + -3).
35
-6 + (1 - -6) - (52 + 15 + -8 - 7)
-51
Calculate 160 + -286 + (97 - 16).
-45
8 + (130 - (-28 - -74))
92
7 - (-13 + 2 + (7 - -51 - 22))
-18
What is the value of -6 + -11 + 11 + (-9 - (28 + -10))?
-33
Calculate 286 + -239 - (1 - -48).
-2
What is the value of (0 - (-1 - 89)) + (588 - 553) + 1 + -43?
83
What is -5061 + 5069 + (81 - 2) + 0 + (-13 - -14)?
88
53 + (-91 - (1 + 14))
-53
What is 0 + -8 - (816 - 870)?
46
Calculate -954 + 843 + (66 - 4).
-49
Calculate 29 + (-4 - (3 - 5) - -17) + -7.
37
What is the value of 38 - (19 - 13) - (-1 + -15)?
48
What is the value of -47 + -1 + 3 + (24 - (11 - -2) - 18)?
-52
What is the value of 152 - 149 - (26 - (5 + -13))?
-31
-4 - (25 + 12 + -29) - (-66 - -3)
51
Evaluate 363 + -121 - 107 - 261.
-126
(-39 - -11) + 21 - 14 - 38
-59
Calculate (-11 - 9 - -33) + 4 + (-11 - -3).
9
What is the value of (-4 - -4) + -57 + -67 + 11 + 54?
-59
What is the value of 6 - ((10 - (-15 - -28 - -5)) + 32)?
-18
What is the value of -49 - 3 - -74 - (0 + -18 - -2)?
38
What is the value of -15 + (-1 - (-12 + 7)) + 12 + -18?
-17
Evaluate -57 - (0 - (-30 + 7 - -22)).
-58
Evaluate -2020 + 1858 - (-98 - -4).
-68
What is the value of (7 + 0 - -22) + 25 - 11?
43
0 + (-3 - -5 - 4) - (11 - (31 + -30))
-12
What is 15 + 12 + (-46 - -16)?
-3
Calculate 22 + -73 + (55 - 47).
-43
Calculate 123 - (-35 - (-73 + 6)).
91
What is the value of (47 - -63) + -48 - 99?
-37
Calculate 57 - 93 - (-104 + 38).
30
-389 + 419 + (-23 - (10 + -7))
4
80 + (62 + -3 - (-41 - -78))
102
What is -14 + (-9 - -3) + 45 + -17?
8
Evaluate 140 + -132 + 105 - 236.
-123
What is 47 + 0 - (-289 - -304) - -39?
71
What is 17 + (-13 - (-11 + -15)) + -17?
13
(-25 - (-29 + 58)) + 22 - -122
90
(35 - 14) + -26 - 52
-57
17 + (-121 - (-101 - -51))
-54
Evaluate (-150 - -66) + 57 - -5.
-22
What is -2 - -1 - (-62 - (-31 - -1) - -41)?
-10
-86 + 72 - (-19 - -53)
-48
Evaluate -51 + -30 + 36 + 25 + -45.
-65
What is the value of -8 - (-21 - -21) - (1 + -8) - -7?
6
165 + -79 - (-5 + 5 + 1 - (12 - 19))
78
Evaluate 4 + -95 + (1 - 9) + 149 + -158.
-108
-37 - (9 + (7 - -4) - 9 - -3)
-51
What is the value of -63 - ((-18 + -4 - -24) + -18)?
-47
Calculate -40 - (-6 + 4) - ((4 - (-24 + 6)) + -15).
-45
What is the value of (-28 + 2 - (-128 + 105)) + 5 + 1?
3
What is the value of (0 + -30 + -10 - -29) + 37?
26
Calculate 21 + -183 + 159 + 3 + 27.
27
Evaluate (491 - 516) + -71 + 17 + -9.
-88
(-1 - 0) + 34 - (5517 + -5516)
32
Evaluate -19 + (-28 - (15 + -63)) + 17.
18
-41 + 2 - (-17 - (-26 - -8) - 4)
-36
What is the value of 161 + (77 - 84) + -73?
81
Calculate 1 - (42 - 80 - ((4 - 1) + 2)).
44
(-51 - (-13 - -13)) + (-6 - (-17 - -10))
-50
What is 54 + (-1 - -27 - 0 - (-95 - (151 - 261)))?
65
What is the value of (-2 - 9 - -8) + 10 + (-9 - 30)?
-32
What is -101 - (-22 + (-85 - -39))?
-33
What is (17 - -26) + 9 - 40 - (0 + 12)?
0
Evaluate -33 + 67 + -69 - (-31 - -8).
-12
What is the value of 5 + (9 - (-9 + 9 + 9)) - -52?
57
-1 + -29 - (86 - 82) - (9 - 5 - 2)
-36
What is -341 - -319 - ((-66 - 1) + 2)?
43
Evaluate (4 - -3) + 0 + -784 + 766.
-11
What is the value of (-17 - (-20 + -11 + 14)) + (27 - -13)?
40
Evaluate 36 - (-38 - (-40 - 42)).
-8
What is the value of 31 + -1 + (7 + -73 - -62)?
26
What is -32 - (-14 + (0 - (6 + -9)))?
-21
Evaluate 85 - (-9 + -13 + -8 + 14 + -5).
106
Evaluate -211 + 238 + 40 + -11.
56
Calculate (8 - (-9 - -25)) + (0 + -6 + 77 - 12).
51
What is 0 + 6 - (53 - (-24 + (39 - 23)))?
-55
Calculate 101 + -79 - ((-14 - -4) + -14 + 176).
-130
19 + 3 + -2 - (-566 - -555)
31
Evaluate 96 - (-88 + 3 + 79).
102
Evaluate -13 + 84 + -318 + 143.
-104
What is (37 - (27 - -69)) + 28 - (-2 + -1)?
-28
What is the value of -343 + 352 - (0 - -40)?
-31
What is -12 + 6 + (9 - 8) + -2 + 8?
1
What is the value of (-58 + 14 - -65) + (-10 + 16 - (-3 - 0))?
30
Calculate (-18 - 3) + (-6 - -25).
-2
What is -5 + 0 + 3 + (-1 - (19 - 26)) - 53?
-49
Calculate 6 + 1 + 36 - 8 - (9 - (3 + 9)).
38
What is 70 + -25 + -133 + 47?
-41
Evaluate 5 + (-14 - -2 - -35 - (-1 + -2)).
31
Evaluate -6 + (-50 - -30 - -55 - (9 + -1)).
21
What is the value of 30 - 10 - ((15 - -3) + -8 + 3)?
7
What is the value of -7 + (8 - (130 - 10)) + -5 + (-45 - -36)?
-133
Evaluate 1203 - 1432 - (-99 - 7).
-123
Calculate 3 - (2 - (-10 - (-14 - (8 - 4)))).
9
What is the value of (1 + -1 - 14) + (69 - (-179 + 194))?
40
What is the value of -6 - (-21 - -17) - (2 - (8 + -3 + -9))?
-8
-7 - (-31 - -80) - -87
31
(-42 - (-53 + 21)) + (3 - (-83 - 2 - -2))
76
Evaluate -40 - (18 - 41) - (4 - 32).
11
What is the value of 50 + -50 + -19 + -39?
-58
22 - (-10 + (34 - 13 - 4))
15
What is the value of -8 - (-12 + 21 + 0 + -4 - (228 - 297))?
-82
What is the value of 86 + 1 + 2 + (180 - (-150 - -336))?
83
What is the value of -15 - 13 - (3 - -23 - 15)?
-39
Evaluate 110 - (-35 - (16 - (-15 + 70))).
106
What is 58 + 22 - (38 + -10)?
52
(56 - (146 - 67)) + -18
-41
What i